oes 5 divide 47195613?
False
Is 279787410 a multiple of 70?
True
Is 592182647 a multiple of 316?
False
Does 2 divide 276725992?
True
Does 25 divide 20735925?
True
Is 20368960 a multiple of 1201?
True
Is 419424035 a multiple of 2070?
False
Is 24593 a multiple of 3?
False
Is 443840762 a multiple of 2128?
False
Is 292403557 a multiple of 1667?
False
Is 302912550 a multiple of 11?
False
Is 42984090 a multiple of 1149?
True
Is 3573936412 a multiple of 2083?
True
Does 1031 divide 490468351?
True
Does 69 divide 20493483?
True
Is 621142692 a multiple of 219?
True
Is 1258932568 a multiple of 43?
False
Is 418479354 a multiple of 326?
True
Is 9 a factor of 22913514?
True
Is 7 a factor of 1749330271?
False
Is 103 a factor of 22915646?
True
Is 409689854 a multiple of 30?
False
Is 14 a factor of 704258646?
True
Does 5 divide 46760?
True
Is 5993408340 a multiple of 60?
True
Does 7 divide 14016431?
False
Does 482 divide 47292711?
False
Is 23 a factor of 694245733?
False
Is 16569920 a multiple of 106?
True
Is 1033597950 a multiple of 654?
True
Does 27 divide 261088110?
True
Is 1874 a factor of 1587800846?
True
Is 102 a factor of 4784569?
False
Does 73 divide 44778760?
False
Is 251479450 a multiple of 8?
False
Is 28253209 a multiple of 103?
True
Is 81 a factor of 231768124?
False
Is 889258712 a multiple of 136?
True
Is 1337 a factor of 918878653?
True
Does 165 divide 18246690?
True
Does 575 divide 22441619?
False
Does 5 divide 35435303?
False
Is 120251113 a multiple of 27?
False
Is 11420797 a multiple of 211?
True
Is 171401615 a multiple of 37?
False
Is 1180 a factor of 379833740?
True
Does 231 divide 284704497?
True
Does 5 divide 74063094?
False
Is 470367649 a multiple of 126?
False
Does 502 divide 39756894?
True
Does 1824 divide 51715872?
True
Does 32 divide 119893600?
True
Is 780963820 a multiple of 182?
True
Is 176702284 a multiple of 782?
True
Is 33550 a multiple of 22?
True
Is 683961672 a multiple of 7716?
True
Is 26 a factor of 39713476?
False
Is 218842506 a multiple of 54?
True
Is 1835196560 a multiple of 40?
True
Is 4144191267 a multiple of 2599?
True
Is 3308110 a multiple of 75?
False
Does 555 divide 88128135?
False
Does 8 divide 115886939?
False
Is 161771970 a multiple of 698?
True
Is 428483718 a multiple of 13?
True
Is 318924983 a multiple of 13?
True
Is 162023760 a multiple of 30?
True
Is 531576754 a multiple of 1731?
False
Does 9 divide 147056400?
True
Is 403412173 a multiple of 32?
False
Does 208 divide 8339760?
True
Is 74468733 a multiple of 57?
True
Is 46 a factor of 4196667814?
True
Is 302 a factor of 334336191?
False
Does 81 divide 1296746895?
False
Does 878 divide 113669329?
False
Is 18845752 a multiple of 244?
False
Is 71 a factor of 75992862?
True
Is 138 a factor of 28735026?
False
Is 203587205 a multiple of 3?
False
Is 9 a factor of 116038836?
True
Is 88 a factor of 36365984?
False
Is 53 a factor of 19328517?
True
Is 4501925 a multiple of 4?
False
Does 2 divide 8435129?
False
Is 44 a factor of 314674791?
False
Does 17 divide 30287563?
False
Does 54 divide 98759034?
True
Is 408 a factor of 56996272?
False
Is 666 a factor of 328750254?
True
Is 23599740 a multiple of 17?
True
Does 69 divide 14154747?
False
Does 17 divide 240530127?
True
Is 1645902080 a multiple of 2944?
True
Is 250 a factor of 153174750?
True
Does 33 divide 912694233?
True
Is 16070252 a multiple of 14?
False
Is 537438525 a multiple of 975?
True
Is 8743634 a multiple of 134?
True
Is 6 a factor of 92113092?
True
Does 30 divide 953776844?
False
Does 2129 divide 144403683?
True
Is 104899160 a multiple of 10?
True
Is 362487272 a multiple of 2235?
False
Is 427 a factor of 28262276?
True
Is 1831949220 a multiple of 114?
True
Is 364616574 a multiple of 19?
True
Is 1096 a factor of 44896544?
True
Does 464 divide 195255840?
True
Does 225 divide 35100900?
True
Is 24 a factor of 435716376?
True
Is 1838 a factor of 522760284?
True
Is 83699426 a multiple of 32?
False
Is 731480912 a multiple of 839?
False
Does 10 divide 183224357?
False
Does 715 divide 15634250?
False
Does 4 divide 556963?
False
Does 123 divide 2118910741?
False
Is 30 a factor of 92802330?
True
Is 50 a factor of 758087232?
False
Is 393962996 a multiple of 130?
False
Is 3831 a factor of 395179143?
True
Is 14 a factor of 56561556?
False
Does 33 divide 516978?
True
Is 188830460 a multiple of 598?
True
Does 480 divide 2973465600?
True
Is 102188331 a multiple of 63?
True
Is 150 a factor of 68078550?
True
Is 973 a factor of 89406051?
True
Is 1181939531 a multiple of 831?
False
Is 756757329 a multiple of 51?
True
Is 86203663 a multiple of 11557?
True
Is 3403 a factor of 565088568?
True
Is 1910043667 a multiple of 13?
False
Is 1541 a factor of 1230893304?
False
Is 60689346 a multiple of 1094?
False
Is 161404804 a multiple of 242?
True
Is 3161 a factor of 44212907?
True
Does 479 divide 220102509?
False
Does 17 divide 42933908?
True
Is 67909790 a multiple of 10?
True
Does 686 divide 15821218?
True
Is 9976313 a multiple of 129?
False
Is 38 a factor of 55899963?
False
Is 92965040 a multiple of 1435?
True
Is 1898 a factor of 50929034?
True
Does 890 divide 49692530?
False
Is 342262618 a multiple of 38?
True
Does 23 divide 246873651?
True
Does 4033 divide 136811459?
True
Is 101 a factor of 689687691?
True
Is 549887702 a multiple of 182?
True
Is 11 a factor of 118625320?
True
Does 1286 divide 1813531805?
False
Does 16 divide 208515136?
True
Is 903328937 a multiple of 17?
False
Is 535389130 a multiple of 331?
False
Does 45 divide 2236395813?
False
Does 1523 divide 40846083?
False
Is 23464647 a multiple of 254?
False
Does 255 divide 210911899?
False
Is 383 a factor of 14562426?
True
Is 60459806 a multiple of 946?
True
Does 927 divide 18582642?
True
Is 87917270 a multiple of 35?
True
Is 92133378 a multiple of 397?
True
Is 33883312 a multiple of 15?
False
Is 891677380 a multiple of 110?
True
Is 47156967 a multiple of 1089?
True
Is 1708095945 a multiple of 545?
True
Is 90393984 a multiple of 4891?
False
Is 5000851 a multiple of 5?
False
Is 1861870488 a multiple of 142?
True
Is 304970650 a multiple of 348?
False
Does 1508 divide 39943246?
False
Does 311 divide 130418783?
True
Is 278 a factor of 207890068?
True
Does 16 divide 1474108481?
False
Is 721 a factor of 283849992?
False
Is 174 a factor of 10007784?
True
Is 3 a factor of 11144963?
False
Does 544 divide 21582606?
False
Does 376 divide 187580163?
False
Is 7670 a factor of 266379100?
True
Is 17 a factor of 60255530?
False
Does 768 divide 63290880?
True
Does 1975 divide 133037975?
True
Does 40 divide 33637140?
False
Is 27351734 a multiple of 31?
True
Is 3 a factor of 1083964283?
False
Is 92 a factor of 6179548?
True
Is 97563944 a multiple of 384?
False
Does 76 divide 29116816?
True
Is 523 a factor of 12304281?
False
Is 8 a factor of 4137773705?
False
Is 3309 a factor of 9748314?
True
Is 11 a factor of 1792036?
False
Is 292530899 a multiple of 5?
False
Does 33 divide 228272808?
False
Is 675 a factor of 2014226325?
True
Does 611 divide 22851384?
False
Does 282 divide 1598767?
False
Is 3159170 a multiple of 2?
True
Does 52 divide 3340740?
True
Is 700 a factor of 3602088700?
True
Is 13284 a factor of 4026324358?
False
Does 118 divide 1244392785?
False
Does 2560 divide 651582714?
False
Is 173 a factor of 17740458?
True
Does 37 divide 414251442?
False
Is 160727912 a multiple of 26?
False
Is 659095704 a multiple of 162?
True
Is 22 a factor of 305029462?
False
Is 3443416186 a multiple of 17?
False
Is 74 a factor of 43650602?
True
Is 654 a factor of 35045841?
False
Does 341 divide 3490729217?
False
Is 2505733 a multiple of 80?
False
Is 6 a factor of 13053906?
True
Is 19 a factor of 1051781595?
False
Does 37 divide 2545117705?
True
Is 1663379280 a multiple of 1836?
True
Does 2569 divide 7519792?
False
Does 260 divide 3680992640?
True
Is 1817 a factor of 53919475?
True
Does 188 divide 19658768?
False
Does 10 divide 85045975?
False
Is 31355023 a multiple of 360?
False
Is 207 a factor of 54684432?
True
Is 586 a factor of 25665131?
False
Is 10 a factor of 43462144?
False
Does 1236 divide 1306120236?
False
Is 393746809 a multiple of 910?
False
Does 82 divide 29074986?
True
Is 8887737 a multiple of 36?
False
Does 1609 divide 41388307?
True
Does 143 divide 184661477?
True
Is 2488771800 a multiple of 150